w**3 - 3*w**2 - 2*w - 3. Calculate c(0).
-3
Let v(z) = -2*z**2 - 7*z - 629. Calculate v(0).
-629
Let w(m) = -2*m**3 + 28*m**2 - 20*m + 55. Calculate w(14).
-225
Let z(u) = u**3 + 31*u**2 + 91*u + 20. Determine z(-3).
-1
Let r(b) = b**3 + 31*b**2 - 24*b - 38. Determine r(-32).
-294
Let m(b) = -b**3 - 16*b**2 - 23*b - 9. What is m(-15)?
111
Let k(p) = -266*p - 4239. What is k(-16)?
17
Let w(t) = t**3 - 32*t**2 + 150*t + 157. Calculate w(7).
-18
Let b(w) = -1657*w - 51372. Give b(-31).
-5
Let c(h) = 2*h**2 - 49*h + 345. Give c(14).
51
Let x(y) = y**2 + 43*y + 269. Determine x(-39).
113
Let x(s) = 3*s + 199. Give x(-13).
160
Let t(k) = 33*k + 3362. Calculate t(-102).
-4
Let u(y) = -y**3 + 50*y**2 + 10*y - 496. Give u(50).
4
Let y(z) = -z**3 + 3*z**2 - 140*z + 428. Give y(3).
8
Let f(j) = j**2 - 32*j + 92. Determine f(32).
92
Let k(s) = -17*s**2 - 171*s - 23. What is k(-10)?
-13
Let z(h) = -h**3 + 24*h**2 - 48*h + 38. What is z(22)?
-50
Let o(s) = -s**3 + 17*s**2 - 2*s + 36. Give o(17).
2
Let v(i) = -6*i**2 + 63*i + 250. Determine v(-3).
7
Let z(a) = -2*a**2 + 1055*a + 6375. Determine z(-6).
-27
Let z(d) = -d**2 + 57*d - 658. What is z(41)?
-2
Let h(m) = 11458*m - 45831. Calculate h(4).
1
Let c(h) = 6*h**3 + 23*h**2 + 3*h + 24. Calculate c(-4).
-4
Let l(q) = -15*q**2 + 23*q + 78. Give l(-3).
-126
Let d(j) = -j**2 + 89*j + 566. Determine d(95).
-4
Let z(n) = -596*n + 1191. Determine z(2).
-1
Let s(z) = z**2 - 19*z + 10. Give s(21).
52
Let t(u) = 24*u**2 - 15*u - 17. Give t(0).
-17
Let m(v) = 545*v + 1. Give m(0).
1
Let b(h) = -12*h**3 + 5*h**2 + 24*h + 18. Determine b(-1).
11
Let s(z) = -315*z**2 + 2524*z - 29. What is s(8)?
3
Let f(v) = 7*v**3 + 10*v**2 + 16*v + 14. Give f(-3).
-133
Let k(v) = 15*v - 66. Determine k(4).
-6
Let d(u) = 3*u**2 + 374*u - 1127. Calculate d(3).
22
Let l(o) = -o**3 - 7*o**2 + 12*o + 18. Calculate l(-4).
-78
Let s(n) = n**2 + 112*n - 618. Determine s(5).
-33
Let r(h) = -h**3 - 23*h**2 + 6*h + 51. Determine r(-23).
-87
Let c(p) = 24*p + 36. What is c(19)?
492
Let r(g) = -105*g + 243. Calculate r(4).
-177
Let y(w) = -666*w + 9314. Give y(14).
-10
Let n(d) = -1114*d + 59044. Give n(53).
2
Let q(k) = k**3 - 18*k**2 + 5*k + 195. What is q(17)?
-9
Let n(k) = 349*k - 1759. Give n(5).
-14
Let f(m) = 2*m - 75. Determine f(50).
25
Let t(z) = -90*z**3 - 13*z**2 - 11*z + 1. Calculate t(-1).
89
Let a(z) = -z**3 + 13*z**2 - 35*z - 48. Give a(6).
-6
Let h(r) = 11*r**3 - 86*r**2 - 8*r + 5. Determine h(8).
69
Let h(k) = k**3 - 16*k**2 + 38*k - 131. Determine h(14).
9
Let c(w) = 12*w**2 - 3*w - 5. Calculate c(4).
175
Let u(z) = 73*z - 337. Calculate u(5).
28
Let z(b) = 13*b - 146. What is z(15)?
49
Let y(h) = -82*h - 919. Determine y(-9).
-181
Let v(s) = -s**3 + 6*s**2 - 76*s + 127. Give v(2).
-9
Let s(y) = y**3 + 10*y**2 + 16*y + 16. Determine s(-7).
51
Let g(s) = 78*s - 313. Calculate g(4).
-1
Let y(f) = f**2 + 32*f + 112. What is y(-4)?
0
Let k(s) = -2*s**2 - 25*s - 47. Give k(-15).
-122
Let b(h) = -h**3 - 7*h**2 + 14*h + 45. Give b(-8).
-3
Let g(j) = -j**2 + 56*j - 119. Give g(53).
40
Let n(j) = 2*j**3 + 6*j**2 + 133*j + 389. What is n(-3)?
-10
Let p(x) = 6*x**2 + 11*x + 20. Determine p(-4).
72
Let n(a) = -26*a**2 + 47*a. What is n(3)?
-93
Let j(c) = 17*c - 433. Give j(27).
26
Let g(d) = d**3 - 8*d**2 + 3*d + 127. Give g(7).
99
Let l(z) = -z**3 - 13*z**2 - 2*z + 44. Calculate l(-12).
-76
Let n(f) = f**2 - 7*f - 111. Give n(0).
-111
Let g(u) = -982*u**2 + 93290*u + 8. Determine g(95).
8
Let u(n) = -1644*n - 34529. What is u(-21)?
-5
Let i(g) = -65*g**3 - g**2 + g - 1. Calculate i(1).
-66
Let d(w) = 2*w**3 + 16*w**2 - 2*w - 11. What is d(-7)?
101
Let z(f) = -313*f - 1486. Calculate z(-6).
392
Let n(m) = -3*m**3 + m**2 - 16*m + 98. Give n(4).
-142
Let o(s) = 54*s - 3310. Give o(61).
-16
Let p(z) = z**3 + 54*z**2 - 288*z + 417. Determine p(-59).
4
Let s(h) = -29*h**3 + 3*h**2 + 6*h + 28. What is s(-3)?
820
Let n(b) = -39*b**3 + 3*b**2 - 6*b - 7. Give n(-1).
41
Let i(x) = 3*x**3 - 6*x**2 - 24*x + 65. Calculate i(2).
17
Let r(k) = -29*k**2 - 4745*k - 2928. What is r(-163)?
6
Let b(y) = -5139*y - 10273. What is b(-2)?
5
Let s(l) = -7*l**2 + 179*l + 18. Determine s(22).
568
Let q(s) = -s**3 + 9*s**2 - 30*s + 96. Determine q(7).
-16
Let m(c) = -1850*c + 3692. Give m(2).
-8
Let y(x) = -x**2 - 35*x - 114. Calculate y(-32).
-18
Let y(g) = g**2 - 13*g - 263. What is y(-11)?
1
Let z(v) = -v**2 + 84*v + 823. Determine z(93).
-14
Let h(f) = 87*f + 20. What is h(3)?
281
Let d(p) = p**3 - 7*p**2 - 93*p + 27. Give d(-7).
-8
Let l(t) = -3*t**3 + 41*t**2 + 22*t - 54. Determine l(14).
58
Let c(j) = -60*j - 542. Calculate c(-9).
-2
Let q(t) = 5*t - 133. Calculate q(26).
-3
Let z(i) = 9*i + 14. Give z(3).
41
Let l(q) = -2*q**3 - 21*q**2 + 12*q - 21. What is l(-11)?
-32
Let o(s) = 56*s - 2619. Determine o(47).
13
Let d(v) = 25*v**2 - 2273*v - 179. Give d(91).
3
Let t(w) = -w**3 - 22*w**2 + 4*w + 127. Calculate t(-22).
39
Let z(l) = l**3 - 35*l**2 - 155*l - 37. What is z(39)?
2
Let j(r) = 43*r - 162. Determine j(13).
397
Let x(v) = v**3 + 2*v**2 - 56*v + 87. What is x(2)?
-9
Let r(y) = 4*y + 141. Give r(-36).
-3
Let p(k) = k**3 + 18*k**2 + 15*k - 227. Give p(-12).
457
Let h(t) = t**3 + 12*t**2 + 3*t + 41. Give h(-12).
5
Let n(t) = t**3 + 18*t**2 + 6*t - 51. Calculate n(-17).
136
Let y(b) = -b**3 + 113*b**2 + 235*b - 605. Give y(115).
-30
Let s(w) = 81*w + 2507. Determine s(-31).
-4
Let l(q) = 2*q**3 - 3*q**2 - 3*q + 7. Give l(3).
25
Let y(d) = 21*d - 392. What is y(-10)?
-602
Let c(f) = -2*f**2 - 74*f + 155. What is c(-39)?
-1
Let n(j) = -j**2 - 3189*j + 15946. Determine n(5).
-24
Let o(i) = -18*i**3 + i**2 + 31*i + 106. Give o(-3).
508
Let i(o) = -o**3 + 70*o**2 - 448*o - 117. What is i(63)?
-558
Let z(p) = p**3 + 48*p**2 - 517*p + 38. Give z(9).
2
Let j(u) = u**2 - 55*u + 3. Calculate j(18).
-663
Let r(c) = -c**3 - 6*c**2 + 22*c + 8. Determine r(5).
-157
Let r(f) = -185*f**2 - 1307*f - 76. What is r(-7)?
8
Let w(y) = 17*y**3 + 56*y**2 - 4*y - 12. What is w(-4)?
-188
Let x(u) = u**3 + 62*u**2 - 796*u + 507. What is x(-73)?
-4
Let i(r) = -5*r**2 - 68*r + 169. What is i(-18)?
-227
Let g(c) = 512*c + 7160. Determine g(-14).
-8
Let i(l) = 3*l**3 + 256*l**2 + 88*l + 191. What is i(-85)?
-64
Let i(r) = 15*r - 146. What is i(-2)?
-176
Let x(t) = 7*t**2 - 2*t - 165. Determine x(-5).
20
Let q(w) = 16*w - 1315. What is q(82)?
-3
Let d(z) = 1241*z + 8671. Determine d(-7).
-16
Let s(v) = 444*v + 2738. Give s(-6).
74
Let z(k) = -74*k**2 + 37*k - 34. Give z(1).
-71
Let y(v) = -5*v**3 + 23*v + 114. What is y(-6)?
1056
Let k(n) = -n**3 - 11*n**2 + 24*n + 90. Calculate k(-13).
116
Let m(x) = 6*x**3 + 35*x**2 - x + 36. Calculate m(-6).
6
Let k(i) = -i**3 - 27*i**2 - 102*i + 4. Calculate k(-5).
-36
Let f(b) = -57*b**2 - 3*b. Give f(-1).
-54
Let r(z) = -z**3 - z**2 - 1055*z + 4297. What is r(4)?
-3
Let j(z) = -456*z + 926. Calculate j(2).
14
Let t(n) = 24*n + 195. Determine t(-11).
-69
Let l(k) = -7*k**3 - 102*k**2 - 24*k - 1040. Give l(-15).
-5
Let o(q) = 23*q - 373. Calculate o(15).
-28
Let s(o) = 77*o - 49. What is s(4)?
259
Let q(m) = 118*m - 3900. Determine q(33).
-6
Let i(o) = -420*o - 2373. What is i(-5)?
-273
Let n(d) = 118*d - 972. Give n(8).
-28
Let w(t) = -4*t**2 + 142*t - 1225. Give w(15).
5
Let z(r) = -56*r - 667. Determine z(-12).
5
Let g(n) = -20*n - 60. Determine g(-3).
0
Let h(z) = 529*z - 11644. Give h(22).
-6
Let i(k) = -45*k - 3705. What is i(-84)?
75
Let b(f) = 45*f + 3982. Calculate b(-86).
112
Let t(n) = -6*n**2 - 86*n - 86. Give t(-1).
-6
Let n(f) = 2*f**3 + 16*f**2 - 10. Calculate n(-8).
-10
Let m(b) = -3*b**2 + 12*b + 286. Determine m(-11).
-209
Let o(m) = m**3 - 28*m**2 - 375*m - 174. Give o(38).
16
Let h(q) = -q**3 + 17*q**2 - 57*q + 10. Give h(10).
140
Let j(h) = -7*h**3 + 17*h**2 + 13*h - 28. Give j(1).
-5
Let w(s) = 9*s**3 - 1060*s**2 - 246*s + 1207. Calculate w(118).
27
Let f(o) = -312*o + 4993. What is f(16)?
1
Let u(o) = -2*o**3 + 313*o**2 + 470*o + 622. Determine u(158).
-10
Let c(w) = -133*w - 17540. Give c(-132).
16
Let y(x) = 3*x**3 - 5*x**2 - 8*x + 6. What is y(3)?
18
Let u(f) = -58887*f + 235550. Determine u(4).
2
Let d(u) = -13*u - 44. What is d(-6)?
34
Let z(u) = 51*u - 395. Determine z(9).
64
Let n(w) = 15*w**2 + 220*w + 122. Determi